7236.
564
What is the greatest common factor of 766064100 and 480?
60
What is the highest common divisor of 157917330 and 270?
270
What is the greatest common divisor of 84284626 and 158?
158
Calculate the greatest common factor of 48 and 3246533616.
48
Calculate the highest common factor of 20222044 and 16430.
3286
Calculate the greatest common factor of 3687925 and 75.
25
What is the highest common divisor of 12264 and 162528?
24
Calculate the highest common divisor of 72691 and 82414.
463
Calculate the highest common factor of 810 and 2121363.
27
What is the highest common factor of 31187 and 614679?
13
What is the greatest common divisor of 144032 and 90496?
224
What is the highest common divisor of 26654600 and 812?
28
What is the greatest common divisor of 1824 and 971489?
19
What is the highest common factor of 2550 and 21055962?
102
Calculate the greatest common factor of 1966154 and 1146.
382
What is the greatest common divisor of 1066 and 13485433?
533
Calculate the greatest common factor of 22526 and 14896122.
3218
What is the highest common divisor of 894524957 and 467?
467
What is the greatest common divisor of 4452 and 6642808?
212
Calculate the highest common factor of 86905 and 1534876.
1337
What is the highest common factor of 6531965 and 453695?
6215
What is the greatest common divisor of 63196 and 43798?
122
What is the highest common factor of 18955 and 195551?
17
What is the greatest common divisor of 227488437 and 66?
33
What is the greatest common divisor of 22424 and 189344?
8
Calculate the highest common divisor of 7602 and 145693416.
1086
Calculate the greatest common divisor of 64682990 and 8530.
8530
Calculate the highest common factor of 50290 and 49470273.
5029
What is the highest common divisor of 6348 and 82593000?
276
Calculate the highest common divisor of 12 and 4755724.
4
Calculate the greatest common factor of 3295 and 6404162.
659
What is the highest common factor of 742417 and 3588?
299
What is the greatest common divisor of 3662876 and 56?
28
Calculate the highest common factor of 9635 and 39799520.
205
Calculate the greatest common factor of 5084105 and 4945.
215
What is the greatest common factor of 966 and 252672?
42
What is the highest common factor of 543480 and 2028?
12
What is the highest common factor of 147418075 and 3682?
1841
What is the greatest common divisor of 35546 and 31276?
14
Calculate the highest common factor of 16695778 and 1078.
22
Calculate the highest common factor of 10650 and 268188.
6
What is the greatest common divisor of 10016187 and 1467?
489
What is the greatest common divisor of 127224 and 5322762?
558
What is the greatest common divisor of 38 and 620635?
19
Calculate the greatest common divisor of 2653 and 16708594.
2653
Calculate the greatest common factor of 31440 and 10522968.
3144
What is the greatest common divisor of 13154 and 222887953?
6577
What is the highest common factor of 151054417 and 1073?
29
Calculate the highest common factor of 43482750 and 875.
125
What is the highest common factor of 6 and 89982000?
6
Calculate the highest common factor of 136566820 and 910.
130
Calculate the greatest common factor of 512 and 600673792.
512
What is the greatest common factor of 7686 and 3711118?
122
What is the highest common factor of 334 and 20735054?
334
What is the highest common divisor of 440772 and 6348?
276
What is the highest common divisor of 6681 and 112911?
3
What is the highest common divisor of 861 and 2365902?
21
Calculate the greatest common divisor of 16250003 and 259.
7
What is the highest common divisor of 425 and 2760751550?
425
What is the greatest common divisor of 18 and 18351?
9
What is the greatest common divisor of 154930219 and 1783?
1783
What is the greatest common divisor of 289224 and 7928?
8
What is the greatest common factor of 815484 and 3972?
12
Calculate the highest common divisor of 184530 and 1890.
30
What is the highest common factor of 374039523 and 33?
33
What is the highest common factor of 49982 and 54538?
134
Calculate the greatest common factor of 115 and 3564609.
23
What is the highest common factor of 48 and 10379004?
12
Calculate the greatest common divisor of 84480 and 16236.
132
Calculate the highest common factor of 128864 and 832.
32
What is the highest common factor of 26 and 54095860?
26
What is the highest common divisor of 27 and 6989589?
9
Calculate the greatest common factor of 570 and 9207390.
30
What is the greatest common divisor of 30206217 and 36684?
3057
What is the greatest common divisor of 816 and 141865544?
136
Calculate the greatest common divisor of 5332 and 744779092.
5332
Calculate the highest common factor of 465717 and 845607.
1407
What is the greatest common divisor of 4396628 and 35796?
628
What is the highest common divisor of 27508592 and 94269?
4489
What is the greatest common factor of 711 and 76249773?
711
Calculate the highest common divisor of 18564046 and 477128.
6278
What is the highest common divisor of 139 and 31802227?
139
What is the highest common factor of 36995190 and 7992?
222
What is the greatest common factor of 875406 and 1102?
38
What is the greatest common factor of 23779590 and 8610?
1230
Calculate the greatest common divisor of 69300 and 13095852.
924
Calculate the greatest common factor of 3186148600 and 100.
100
Calculate the greatest common divisor of 930815 and 15.
5
Calculate the greatest common factor of 3392172 and 11466.
882
Calculate the greatest common factor of 44 and 3386284.
44
What is the highest common divisor of 64 and 10410656?
32
Calculate the greatest common factor of 1068870 and 65190.
1230
Calculate the greatest common divisor of 28 and 266457422.
14
Calculate the highest common divisor of 10351 and 60841.
11
What is the highest common factor of 4333290 and 14898?
78
Calculate the highest common divisor of 2644536 and 314001.
753
Calculate the greatest common factor of 2227480949 and 983.
983
What is the greatest common divisor of 422 and 136619968?
422
What is the greatest common factor of 252 and 7971474?
42
What is the highest common factor of 19557 and 1471941?
369
What is the highest common factor of 1539 and 1128429?
171
Calculate the highest common divisor of 3472 and 1530928.
112
What is the highest common factor of 217087650 and 1248?
78
What is the greatest common divisor of 75200 and 1471100?
4700
What is the greatest common divisor of 9160863 and 414399?
8817
Calculate the greatest common divisor of 6845 and 194600612.
1369
Calculate the greatest common divisor of 138 and 4587804.
6
Calculate the highest common factor of 2219530 and 110.
10
Calculate the greatest common factor of 91555721 and 199.
199
Calculate the highest common factor of 341 and 15326679.
31
Calculate the greatest common factor of 6319152 and 105.
21
What is the greatest common factor of 28 and 262505?
1
What is the highest common divisor of 29 and 51186479?
29
What is the greatest common factor of 5759422 and 3824?
478
Calculate the greatest common divisor of 386 and 185280.
386
Calculate the highest common divisor of 10892064 and 31004.
92
What is the greatest common divisor of 136895900 and 125?
25
What is the greatest common divisor of 123616955 and 1100?
55
Calculate the greatest common divisor of 282375 and 1670875.
125
What is the greatest common divisor of 530604712 and 8888?
8888
Calculate the highest common divisor of 22695 and 2500455.
1335
What is the highest common factor of 2263600 and 56?
8
What is the highest common divisor of 5074 and 630238?
118
Calculate the highest common factor of 6532 and 5533172.
284
What is the highest common divisor of 132164 and 6779732?
2812
What is the highest common divisor of 1774080 and 105424?
176
What is the greatest common divisor of 4200790 and 3190?
110
What is the highest common divisor of 339590 and 1250?
10
Calculate the greatest common factor of 2918181 and 147.
21
What is the greatest common divisor of 6064119 and 12?
3
What is the highest common divisor of 49 and 574091?
7
What is the greatest common divisor of 26112495 and 2820?
705
What is the highest common factor of 689175 and 27915?
15
Calculate the highest common divisor of 472 and 399933683.
59
What is the highest common divisor of 114 and 1231351050